24
Calculate the remainder when 4092 is divided by 27.
15
Calculate the remainder when 390 is divided by 56.
54
What is the remainder when 469 is divided by 74?
25
What is the remainder when 6116 is divided by 408?
404
What is the remainder when 955 is divided by 11?
9
Calculate the remainder when 319 is divided by 20.
19
What is the remainder when 293 is divided by 87?
32
What is the remainder when 59 is divided by 32?
27
Calculate the remainder when 2905 is divided by 322.
7
Calculate the remainder when 182 is divided by 23.
21
Calculate the remainder when 18333 is divided by 32.
29
What is the remainder when 368 is divided by 12?
8
Calculate the remainder when 109 is divided by 11.
10
Calculate the remainder when 636 is divided by 7.
6
Calculate the remainder when 319 is divided by 77.
11
Calculate the remainder when 54564 is divided by 129.
126
What is the remainder when 13587 is divided by 79?
78
Calculate the remainder when 3115 is divided by 39.
34
What is the remainder when 1224 is divided by 154?
146
What is the remainder when 178 is divided by 38?
26
Calculate the remainder when 123 is divided by 12.
3
What is the remainder when 26 is divided by 9?
8
Calculate the remainder when 20 is divided by 6.
2
What is the remainder when 2005 is divided by 49?
45
What is the remainder when 40 is divided by 10?
0
Calculate the remainder when 480 is divided by 37.
36
Calculate the remainder when 103 is divided by 34.
1
Calculate the remainder when 275 is divided by 56.
51
What is the remainder when 450 is divided by 46?
36
Calculate the remainder when 305 is divided by 38.
1
What is the remainder when 168 is divided by 90?
78
Calculate the remainder when 598 is divided by 10.
8
Calculate the remainder when 95 is divided by 16.
15
Calculate the remainder when 7461 is divided by 41.
40
Calculate the remainder when 16687 is divided by 10.
7
What is the remainder when 90 is divided by 24?
18
What is the remainder when 22 is divided by 15?
7
Calculate the remainder when 622 is divided by 371.
251
Calculate the remainder when 3705 is divided by 206.
203
What is the remainder when 155 is divided by 108?
47
Calculate the remainder when 2884 is divided by 26.
24
Calculate the remainder when 546 is divided by 238.
70
Calculate the remainder when 5457 is divided by 12.
9
Calculate the remainder when 60 is divided by 35.
25
What is the remainder when 128 is divided by 17?
9
Calculate the remainder when 158 is divided by 55.
48
What is the remainder when 35 is divided by 18?
17
Calculate the remainder when 663 is divided by 29.
25
Calculate the remainder when 122 is divided by 18.
14
What is the remainder when 1079 is divided by 54?
53
Calculate the remainder when 3560 is divided by 162.
158
What is the remainder when 2501 is divided by 1243?
15
Calculate the remainder when 322 is divided by 82.
76
What is the remainder when 496 is divided by 176?
144
What is the remainder when 172 is divided by 47?
31
Calculate the remainder when 7868 is divided by 61.
60
What is the remainder when 1315 is divided by 94?
93
Calculate the remainder when 67 is divided by 22.
1
Calculate the remainder when 7698 is divided by 513.
3
What is the remainder when 119 is divided by 41?
37
Calculate the remainder when 444 is divided by 31.
10
What is the remainder when 1500 is divided by 26?
18
Calculate the remainder when 505 is divided by 200.
105
Calculate the remainder when 219 is divided by 58.
45
Calculate the remainder when 2776 is divided by 75.
1
What is the remainder when 185 is divided by 39?
29
Calculate the remainder when 468 is divided by 8.
4
What is the remainder when 121 is divided by 56?
9
What is the remainder when 3114 is divided by 38?
36
What is the remainder when 415 is divided by 103?
3
Calculate the remainder when 261 is divided by 4.
1
Calculate the remainder when 1212 is divided by 15.
12
Calculate the remainder when 2275 is divided by 76.
71
Calculate the remainder when 1514 is divided by 66.
62
Calculate the remainder when 1022 is divided by 262.
236
Calculate the remainder when 75 is divided by 56.
19
Calculate the remainder when 2434 is divided by 46.
42
Calculate the remainder when 4274 is divided by 23.
19
Calculate the remainder when 547 is divided by 46.
41
Calculate the remainder when 85 is divided by 72.
13
What is the remainder when 3232 is divided by 52?
8
Calculate the remainder when 161 is divided by 12.
5
What is the remainder when 121 is divided by 15?
1
What is the remainder when 1145 is divided by 230?
225
Calculate the remainder when 539 is divided by 263.
13
What is the remainder when 75 is divided by 64?
11
Calculate the remainder when 2336 is divided by 136.
24
What is the remainder when 1221 is divided by 18?
15
Calculate the remainder when 13784 is divided by 17.
14
What is the remainder when 135 is divided by 38?
21
What is the remainder when 279 is divided by 4?
3
Calculate the remainder when 102 is divided by 28.
18
Calculate the remainder when 2229 is divided by 31.
28
Calculate the remainder when 278 is divided by 83.
29
Calculate the remainder when 103 is divided by 26.
25
Calculate the remainder when 760 is divided by 166.
96
Calculate the remainder when 4255 is divided by 30.
25
Calculate the remainder when 328 is divided by 30.
28
What is the remainder when 1609 is divided by 527?
28
What is the remainder when 479 is divided by 61?
52
Calculate the remainder when 81 is divided by 21.
18
Calculate the remainder when 1128 is divided by 102.
6
What is the remainder when 113 is divided by 14?
1
What is the remainder when 539 is divided by 45?
44
What is the remainder when 141 is divided by 10?
1
Calculate the remainder when 463 is divided by 8.
7
Calculate the remainder when 27 is divided by 15.
12
Calculate the remainder when 1206 is divided by 428.
350
Calculate the remainder when 703 is divided by 8.
7
Calculate the remainder when 1260 is divided by 5.
0
Calculate the remainder when 414 is divided by 98.
22
Calculate the remainder when 447 is divided by 15.
12
Calculate the remainder when 2451 is divided by 612.
3
What is the remainder when 49 is divided by 25?
24
Calculate the remainder when 426 is divided by 28.
6
Calculate the remainder when 140 is divided by 44.
8
Calculate the remainder when 1427 is divided by 28.
27
Calculate the remainder when 43 is divided by 24.
19
What is the remainder when 8157 is divided by 34?
31
Calculate the remainder when 322 is divided by 17.
16
Calculate the remainder when 4393 is divided by 10.
3
Calculate the remainder when 220 is divided by 75.
70
What is the remainder when 724 is divided by 358?
8
What is the remainder when 427 is divided by 39?
37
What is the remainder when 762 is divided by 10?
2
What is the remainder when 914 is divided by 42?
32
What is the remainder when 5147 is divided by 16?
11
What is the remainder when 1079 is divided by 536?
7
What is the remainder when 88 is divided by 23?
19
What is the remainder when 1135 is divided by 104?
95
What is the remainder when 739 is divided by 74?
73
What is the remainder when 63 is divided by 13?
11
What is the remainder when 3959 is divided by 17?
15
What is the remainder when 8197 is divided by 25?
22
Calculate the remainder when 50 is divided by 5.
0
What is the remainder when 21525 is divided by 18?
15
Calculate the remainder when 202 is divided by 41.
38
What is the remainder when 42661 is divided by 23?
19
What is the remainder when 78 is divided by 54?
24
What is the remainder when 2393 is divided by 76?
37
Calculate the remainder when 527 is divided by 134.
125
What is the remainder when 5052 is divided by 15?
12
What is the remainder when 1207 is divided by 295?
27
Calculate the remainder when 38 is divided by 4.
2
What is the remainder when 278 is divided by 68?
6
Calculate the remainder when 1049 is divided by 42.
41
What is the remainder when 654 is divided by 15?
9
Calculate the remainder when 130 is divided by 22.
20
What is the remainder when 16 is divided by 9?
7
Calculate the remainder when 267 is divided by 17.
12
Calculate the remainder when 294 is divided by 12.
6
Calculate the remainder when 42 is divided by 23.
19
Calculate the remainder when 194 is divided by 52.
38
Calculate the remainder when 297 is d